{"id":29663,"date":"2019-05-20T16:22:02","date_gmt":"2019-05-20T14:22:02","guid":{"rendered":"https:\/\/pix.house\/?post_type=product&#038;p=29663"},"modified":"2019-09-17T17:31:24","modified_gmt":"2019-09-17T15:31:24","slug":"vol-1-wiktor-franko","status":"publish","type":"product","link":"https:\/\/pix.house\/en\/product\/vol-1-wiktor-franko\/","title":{"rendered":"VOL.1 | WIKTOR FRANKO"},"content":{"rendered":"<p class=\"p1\"><span class=\"s1\"><strong>\u201eVol.1\u201d<\/strong> to zbi\u00f3r r\u00f3\u017cnorodnych fotografii Wiktora Franko powsta\u0142ych przez ostatnie 10 lat, u\u0142o\u017conych przez<strong> Natali\u0119 Miko\u0142ajczuk<\/strong> tak\u0105 metod\u0105, \u017ceby mo\u017cna je by\u0142o czyta\u0107 zupe\u0142nie inaczej, w spos\u00f3b, w jaki nie zosta\u0142y wcze\u015bniej opowiedziane. \u0141\u0105cznie ponad 100 zdj\u0119\u0107, wzbogaconych tekstem <strong>Joanny Kinowskiej<\/strong>.<\/span><\/p>\n<p class=\"p1\"><span class=\"s1\"><em>&#8211; Nad wydawnictwem pracowa\u0142em oko\u0142o roku &#8211;<\/em> m\u00f3wi Wiktor Franko. <em>&#8211; Ostatecznie postanowi\u0142em spraw\u0119 doboru zdj\u0119\u0107 pozostawi\u0107 graficzce Natalii Miko\u0142ajczuk. To ona dokona\u0142a wyboru i opracowa\u0142a ca\u0142o\u015b\u0107, bo album jest podsumowaniem mojej 10-letniej dzia\u0142alno\u015bci.<\/em><\/span><\/p>\n<p>&nbsp;<\/p>\n<p><strong>Wiktor Franko<\/strong> &#8211; rocznik 83. Zajmuje si\u0119 fotografi\u0105, zar\u00f3wno artystyczn\u0105, jak i komercyjn\u0105. Autor wielu publikacji oraz wystaw. Jego prace ukazuj\u0105 si\u0119 w wielu czasopismach fotograficznych i modowych, zar\u00f3wno polskich, jak i \u015bwiatowych, takich jak: Prism Magazine, iPress Magazine, Fashion World Magazine, Foto, angielskim Oppa magazine, francuskim Cleptafire, islandzkim Reykjavik Boulevard Magazine, ameryka\u0144skim Papercut Magazine oraz chi\u0144skim Prime Magazine.<\/p>","protected":false},"excerpt":{"rendered":"<p><strong>tytu\u0142:<\/strong> VOL.1<\/p>\n<p><strong>autor: <\/strong>Wiktor Franko<\/p>\n<p><strong>design<\/strong>: books n stories \u2013 Natalia Miko\u0142ajczuk<\/p>\n<p><strong>Esej:<\/strong> Joanna Kinowska<\/p>\n<p><strong>wydawnictwo:<\/strong> Fundacja Wspierania Kultury DIFA<\/p>\n<p><strong>format:<\/strong> 210 x 280 mm<\/p>\n<p><strong>ilo\u015b\u0107 stron:<\/strong> 188<\/p>\n<p><strong>nak\u0142ad: 7<\/strong>00 sztuk<\/p>\n<p><strong>ok\u0142adka:<\/strong> twarda<\/p>\n<p>&nbsp;<\/p>","protected":false},"featured_media":29647,"template":"","meta":{"_monsterinsights_skip_tracking":false,"_monsterinsights_sitenote_active":false,"_monsterinsights_sitenote_note":"","_monsterinsights_sitenote_category":0},"product_brand":[],"product_cat":[],"product_tag":[],"class_list":{"0":"post-29663","1":"product","2":"type-product","3":"status-publish","4":"has-post-thumbnail","7":"first","8":"outofstock","9":"shipping-taxable","10":"purchasable","11":"product-type-simple"},"_links":{"self":[{"href":"https:\/\/pix.house\/en\/wp-json\/wp\/v2\/product\/29663","targetHints":{"allow":["GET"]}}],"collection":[{"href":"https:\/\/pix.house\/en\/wp-json\/wp\/v2\/product"}],"about":[{"href":"https:\/\/pix.house\/en\/wp-json\/wp\/v2\/types\/product"}],"wp:featuredmedia":[{"embeddable":true,"href":"https:\/\/pix.house\/en\/wp-json\/wp\/v2\/media\/29647"}],"wp:attachment":[{"href":"https:\/\/pix.house\/en\/wp-json\/wp\/v2\/media?parent=29663"}],"wp:term":[{"taxonomy":"product_brand","embeddable":true,"href":"https:\/\/pix.house\/en\/wp-json\/wp\/v2\/product_brand?post=29663"},{"taxonomy":"product_cat","embeddable":true,"href":"https:\/\/pix.house\/en\/wp-json\/wp\/v2\/product_cat?post=29663"},{"taxonomy":"product_tag","embeddable":true,"href":"https:\/\/pix.house\/en\/wp-json\/wp\/v2\/product_tag?post=29663"}],"curies":[{"name":"wp","href":"https:\/\/api.w.org\/{rel}","templated":true}]}}

<p class="p1"><span class="s1"><strong>„Vol.1”</strong> to zbiór różnorodnych fotografii Wiktora Franko powstałych przez ostatnie 10 lat, ułożonych przez<strong> Natalię Mikołajczuk</strong> taką metodą, żeby można je było czytać zupełnie inaczej, w sposób, w jaki nie zostały wcześniej opowiedziane. Łącznie ponad 100 zdjęć, wzbogaconych tekstem <strong>Joanny Kinowskiej</strong>.</span></p>
<p class="p1"><span class="s1"><em>&#8211; Nad wydawnictwem pracowałem około roku &#8211;</em> mówi Wiktor Franko. <em>&#8211; Ostatecznie postanowiłem sprawę doboru zdjęć pozostawić graficzce Natalii Mikołajczuk. To ona dokonała wyboru i opracowała całość, bo album jest podsumowaniem mojej 10-letniej działalności.</em></span></p>
<p>&nbsp;</p>
<p><strong>Wiktor Franko</strong> &#8211; rocznik 83. Zajmuje się fotografią, zarówno artystyczną, jak i komercyjną. Autor wielu publikacji oraz wystaw. Jego prace ukazują się w wielu czasopismach fotograficznych i modowych, zarówno polskich, jak i światowych, takich jak: Prism Magazine, iPress Magazine, Fashion World Magazine, Foto, angielskim Oppa magazine, francuskim Cleptafire, islandzkim Reykjavik Boulevard Magazine, amerykańskim Papercut Magazine oraz chińskim Prime Magazine.</p>

<p><strong>tytuł:</strong> VOL.1</p>
<p><strong>autor: </strong>Wiktor Franko</p>
<p><strong>design</strong>: books n stories – Natalia Mikołajczuk</p>
<p><strong>Esej:</strong> Joanna Kinowska</p>
<p><strong>wydawnictwo:</strong> Fundacja Wspierania Kultury DIFA</p>
<p><strong>format:</strong> 210 x 280 mm</p>
<p><strong>ilość stron:</strong> 188</p>
<p><strong>nakład: 7</strong>00 sztuk</p>
<p><strong>okładka:</strong> twarda</p>
<p>&nbsp;</p>
