{"id":35855,"date":"2022-10-02T16:04:02","date_gmt":"2022-10-02T14:04:02","guid":{"rendered":"https:\/\/pix.house\/?post_type=product&#038;p=35855"},"modified":"2025-12-15T18:13:33","modified_gmt":"2025-12-15T17:13:33","slug":"kurz-mariusz-forecki","status":"publish","type":"product","link":"https:\/\/pix.house\/en\/product\/kurz-mariusz-forecki\/","title":{"rendered":"KURZ | Mariusz Forecki"},"content":{"rendered":"<p style=\"text-align: justify;\">KURZ | Mariusz Forecki<\/p>\n<div class=\"page\" title=\"Page 1\">\n<div class=\"section\">\n<div class=\"layoutArea\">\n<div class=\"column\">\n<p>Ksia\u0328z\u0307ka ukazuje sie\u0328 zaledwie kilka miesie\u0328cy po ataku Rosji na Ukraine\u0328, kto\u0301ry zamieni\u0142 sie\u0328 w regularna\u0328 wojne\u0328 ze wszystkimi jej okrutnymi elementami: chaotycznym, brutalnym bombardowaniem miast, uz\u0307ywaniem zakazanej broni, torturowaniem i zabijaniem cywilo\u0301w, gwa\u0142tami, grabiez\u0307a\u0328 i najwie\u0328kszym kryzysem uchodz\u0301czym od zakon\u0301czenia II wojny s\u0301wiatowej w 1945 roku.<\/p>\n<p>Zebra\u0142em fotografie z wielu moich podro\u0301z\u0307y po by\u0142ym Zwia\u0328zku Socjalistycznych Republik Radzieckich &#8211; w kon\u0301cowym stadium jego istnienia i w czasie kszta\u0142towania sie\u0328 nowego \u0142adu spo\u0142eczno-politycznego. Obserwowa\u0142em, jak by\u0142e republiki, wchodza\u0328ce wczes\u0301niej w sk\u0142ad ZSRR, odzyskiwa\u0142y niepodleg\u0142os\u0301c\u0301. Widzia\u0142em narodziny nowych pan\u0301stw, walke\u0328 o toz\u0307samos\u0301c\u0301, powroty wysiedlonych narodo\u0301w i wyjazdy w poszukiwaniu lepszego z\u0307ycia. Wtedy nie zdawa\u0142em sobie sprawy, z\u0307e jestem s\u0301wiadkiem wydarzen\u0301, kto\u0301re okaza\u0142y sie\u0328 symbolami rozpadu pan\u0301stwa, zbudowanego na tyranii i niewyobraz\u0307alnym cierpieniu ludzi. Z kurzu, powsta\u0142ego po tym upadku, wy\u0142oni\u0142 sie\u0328 obraz nowego imperium, kto\u0301re za pomoca\u0328 brutalnej propagandy i nowoczesnej socjotechniki, przekszta\u0142ci\u0142o sie\u0328 &#8211; pod pozorami demokracji &#8211; w imperium z\u0142a, zagraz\u0307aja\u0328ce s\u0301wiatu opartemu na ideach humanizmu i prawie cz\u0142owieka do wolnos\u0301ci i szcze\u0328s\u0301cia.<\/p>\n<p><em>Mariusz Forecki, lipiec 2022<\/em><\/p>\n<\/div>\n<\/div>\n<\/div>\n<\/div>","protected":false},"excerpt":{"rendered":"<p><strong>tytu\u0142:<\/strong> KURZ<\/p>\n<p><b>fotografie i koncepcja publikacji: <\/b>Mariusz Forecki<\/p>\n<p><strong>edycja zdj\u0119\u0107<\/strong>: Mariusz Forecki<\/p>\n<p><strong>teksty<\/strong>: Mariusz Forecki, Piotr Oleksy, Adrian Wykrota<\/p>\n<p class=\"p1\"><strong>redakcja i korekta<\/strong>: Iwona Torbicka<\/p>\n<p class=\"p1\"><span class=\"Apple-converted-space\"><strong>opieka redakcyjna: <\/strong>Adrian Wykrota\u00a0<\/span><\/p>\n<p><strong>koordynator projektu<\/strong>: Anna Molter \/ Publikacja powsta\u0142a w ramach: \u201eRelacje. Spo\u0142eczna Pracownia Dokumentu Pix.house\u201d<\/p>\n<p><strong>design<\/strong>: Andrzej Dobosz \/ <a href=\"http:\/\/dobosz.studio\/\" target=\"_blank\" rel=\"noopener noreferrer\">http:\/\/dobosz.studio<\/a>\/<\/p>\n<p class=\"p1\"><strong>przygotowanie fotografii do druku<\/strong>: Dariusz Nowak<span class=\"Apple-converted-space\">\u00a0<\/span><\/p>\n<p class=\"p1\"><strong>t\u0142umaczenie i korekta<\/strong>: Konrad Baranowski (en), Julia Forecka (en), Weronika Jele\u0144ska (ru<\/p>\n<p><strong>wydawca: <\/strong>X.PRINT \u2013 FUNDACJA PIX.HOUSE \/ WWW.PIX.HOUSE<\/p>\n<p><strong>koordynator publikacji<\/strong>: Adrian Wykrota<\/p>\n<p><strong>ilo\u015b\u0107 stron<\/strong>: 356<\/p>\n<p><strong>ok\u0142adka:<\/strong> twarda<\/p>\n<p><strong>j\u0119zyk: <\/strong>polski \/ angielski \/ rosyjski<\/p>\n<p><strong>ISBN <\/strong>978-83-961216-6-0<\/p>\n<p>Ksia\u0328z\u0307ka powsta\u0142a dzie\u0328ki wsparciu Miasta Poznania, Urze\u0328du Marsza\u0142kowskiego Wojewo\u0301dztwa Wielkopolskiego, Stowarzyszenia Autor\u00f3w ZAiKS oraz Izy i Mariusza Stolarskich.<\/p>","protected":false},"featured_media":37306,"template":"","meta":{"_monsterinsights_skip_tracking":false,"_monsterinsights_sitenote_active":false,"_monsterinsights_sitenote_note":"","_monsterinsights_sitenote_category":0},"product_brand":[],"product_cat":[174],"product_tag":[],"class_list":{"0":"post-35855","1":"product","2":"type-product","3":"status-publish","4":"has-post-thumbnail","6":"product_cat-wydawnictwo-pix-house","8":"first","9":"instock","10":"shipping-taxable","11":"purchasable","12":"product-type-simple"},"_links":{"self":[{"href":"https:\/\/pix.house\/en\/wp-json\/wp\/v2\/product\/35855","targetHints":{"allow":["GET"]}}],"collection":[{"href":"https:\/\/pix.house\/en\/wp-json\/wp\/v2\/product"}],"about":[{"href":"https:\/\/pix.house\/en\/wp-json\/wp\/v2\/types\/product"}],"wp:featuredmedia":[{"embeddable":true,"href":"https:\/\/pix.house\/en\/wp-json\/wp\/v2\/media\/37306"}],"wp:attachment":[{"href":"https:\/\/pix.house\/en\/wp-json\/wp\/v2\/media?parent=35855"}],"wp:term":[{"taxonomy":"product_brand","embeddable":true,"href":"https:\/\/pix.house\/en\/wp-json\/wp\/v2\/product_brand?post=35855"},{"taxonomy":"product_cat","embeddable":true,"href":"https:\/\/pix.house\/en\/wp-json\/wp\/v2\/product_cat?post=35855"},{"taxonomy":"product_tag","embeddable":true,"href":"https:\/\/pix.house\/en\/wp-json\/wp\/v2\/product_tag?post=35855"}],"curies":[{"name":"wp","href":"https:\/\/api.w.org\/{rel}","templated":true}]}}

<p style="text-align: justify;">KURZ | Mariusz Forecki</p>
<div class="page" title="Page 1">
<div class="section">
<div class="layoutArea">
<div class="column">
<p>Książka ukazuje się zaledwie kilka miesięcy po ataku Rosji na Ukrainę, który zamienił się w regularną wojnę ze wszystkimi jej okrutnymi elementami: chaotycznym, brutalnym bombardowaniem miast, używaniem zakazanej broni, torturowaniem i zabijaniem cywilów, gwałtami, grabieżą i największym kryzysem uchodźczym od zakończenia II wojny światowej w 1945 roku.</p>
<p>Zebrałem fotografie z wielu moich podróży po byłym Związku Socjalistycznych Republik Radzieckich &#8211; w końcowym stadium jego istnienia i w czasie kształtowania się nowego ładu społeczno-politycznego. Obserwowałem, jak byłe republiki, wchodzące wcześniej w skład ZSRR, odzyskiwały niepodległość. Widziałem narodziny nowych państw, walkę o tożsamość, powroty wysiedlonych narodów i wyjazdy w poszukiwaniu lepszego życia. Wtedy nie zdawałem sobie sprawy, że jestem świadkiem wydarzeń, które okazały się symbolami rozpadu państwa, zbudowanego na tyranii i niewyobrażalnym cierpieniu ludzi. Z kurzu, powstałego po tym upadku, wyłonił się obraz nowego imperium, które za pomocą brutalnej propagandy i nowoczesnej socjotechniki, przekształciło się &#8211; pod pozorami demokracji &#8211; w imperium zła, zagrażające światu opartemu na ideach humanizmu i prawie człowieka do wolności i szczęścia.</p>
<p><em>Mariusz Forecki, lipiec 2022</em></p>
</div>
</div>
</div>
</div>

<p><strong>tytuł:</strong> KURZ</p>
<p><b>fotografie i koncepcja publikacji: </b>Mariusz Forecki</p>
<p><strong>edycja zdjęć</strong>: Mariusz Forecki</p>
<p><strong>teksty</strong>: Mariusz Forecki, Piotr Oleksy, Adrian Wykrota</p>
<p class="p1"><strong>redakcja i korekta</strong>: Iwona Torbicka</p>
<p class="p1"><span class="Apple-converted-space"><strong>opieka redakcyjna: </strong>Adrian Wykrota </span></p>
<p><strong>koordynator projektu</strong>: Anna Molter / Publikacja powstała w ramach: „Relacje. Społeczna Pracownia Dokumentu Pix.house”</p>
<p><strong>design</strong>: Andrzej Dobosz / <a href="http://dobosz.studio/" target="_blank" rel="noopener noreferrer">http://dobosz.studio</a>/</p>
<p class="p1"><strong>przygotowanie fotografii do druku</strong>: Dariusz Nowak<span class="Apple-converted-space"> </span></p>
<p class="p1"><strong>tłumaczenie i korekta</strong>: Konrad Baranowski (en), Julia Forecka (en), Weronika Jeleńska (ru</p>
<p><strong>wydawca: </strong>X.PRINT – FUNDACJA PIX.HOUSE / WWW.PIX.HOUSE</p>
<p><strong>koordynator publikacji</strong>: Adrian Wykrota</p>
<p><strong>ilość stron</strong>: 356</p>
<p><strong>okładka:</strong> twarda</p>
<p><strong>język: </strong>polski / angielski / rosyjski</p>
<p><strong>ISBN </strong>978-83-961216-6-0</p>
<p>Książka powstała dzięki wsparciu Miasta Poznania, Urzędu Marszałkowskiego Województwa Wielkopolskiego, Stowarzyszenia Autorów ZAiKS oraz Izy i Mariusza Stolarskich.</p>
