{"id":37551,"date":"2024-02-27T06:55:16","date_gmt":"2024-02-27T05:55:16","guid":{"rendered":"https:\/\/pix.house\/?post_type=product&#038;p=37551"},"modified":"2025-05-03T13:53:32","modified_gmt":"2025-05-03T11:53:32","slug":"bezkoniec","status":"publish","type":"product","link":"https:\/\/pix.house\/en\/product\/bezkoniec\/","title":{"rendered":"BEZKONIEC"},"content":{"rendered":"<p class=\"s7\"><span class=\"s2\">Ksi\u0105\u017cka <\/span><span class=\"s3\">Bezkoniec<\/span><span class=\"s2\"> jest pierwsz\u0105 publikacj\u0105 stworzon\u0105 przez uczestnik\u00f3w <\/span><a href=\"https:\/\/www.szkoladokumentu.pl\/\"><span class=\"s6\">Szko\u0142y Dokumentu<\/span><\/a> <span class=\"s2\">&#8211; nowej platformy edukacyjnej pozna\u0144skiej fundacji PIX.HOUSE. Razem z wystaw\u0105 pod tym samym tytu\u0142em stanowi podsumowanie kilkuletniej pracy s\u0142uchaczy, kt\u00f3rzy pracowali nad realizacj\u0105 wybranych przez siebie temat\u00f3w.<\/span><\/p>\n<p class=\"s7\"><span class=\"s2\">Ich autorzy to ludzie dojrzali, z du\u017cym baga\u017cem do\u015bwiadcze\u0144. W czasach galopuj\u0105cej komercjalizacji, marginalizacji roli prasy i ogromnej ilo\u015bci niby dokumentalnych zdj\u0119\u0107, niewiele jest takich m\u0105drych, wnikliwie i szczerze opowiedzianych historii. Od odbiorc\u00f3w wymagaj\u0105 one wra\u017cliwo\u015bci i wiedzy, a dla fotograf\u00f3w s\u0105 ogromnymi wyzwaniami zawodowymi i etycznymi. Ksi\u0105\u017cka i wystawa przedstawiaj\u0105 \u015bwiadectwa tego, \u017ce najwa\u017cniejsza w pracy fotografa dokumentalisty jest otwarto\u015b\u0107 na \u015bwiat i tkwi\u0105ca w cz\u0142owieku od tysi\u0105cleci potrzeba opowiadania. Dowodz\u0105 r\u00f3wnie\u017c umacniania si\u0119 nowych, takich jak one, modeli publikacji, i wype\u0142niaj\u0105 przestrze\u0144 po mediach papierowych, w kt\u00f3rych takie historie pojawia\u0142y si\u0119 wcze\u015bniej.<\/span><\/p>\n<p class=\"s7\"><span class=\"s2\">Jestem przekonany, \u017ce te fotografie zostan\u0105 z nami na d\u0142ugo, tworz\u0105c rzetelny zapis naszego niespokojnego czasu \u2013 zapis \u015bwiata, kt\u00f3ry zmienia si\u0119 ka\u017cdego dnia.<\/span><\/p>\n<p class=\"s9\"><em><span class=\"s2\">Mariusz Forecki, luty 2024<\/span><\/em><\/p>","protected":false},"excerpt":{"rendered":"<p class=\"p3\"><b>fotografie: <\/b>Ma\u0142gorzata Smieszek, Adam Kasperkiewicz, Jaros\u0142aw Jan Hemmerling<\/p>\n<p class=\"p3\"><b>teksty: <\/b>Ma\u0142gorzata Smieszek, Adam Kasperkiewicz, Jaros\u0142aw Jan Hemmerling, Mariusz Forecki, Adrian Wykrota<\/p>\n<p class=\"p3\"><b>projekt graficzny: <\/b>Krzysiek Or\u0142owski (Zinteka)<\/p>\n<p class=\"p3\"><b>t\u0142umaczenia: <\/b>Ma\u0142gorzata Starczewska (EN), Lidia Aksiuk (UA)<\/p>\n<p class=\"p3\"><b>korekta: <\/b>Magda Brzezi\u0144ska (PL), Anna Aksiuk (UA)<\/p>\n<p class=\"p3\">Fotografie powsta\u0142y w ramach Szko\u0142y Dokumentu Fundacji Pix.house pod kierunkiem Mariusza Foreckiego<\/p>\n<p class=\"p3\"><b>wydawnictwo: <\/b>Fundacja Pix.house<\/p>\n<p class=\"p3\"><b>nak\u0142ad: <\/b>350<\/p>\n<p class=\"p3\">ISBN: 978-83-968764-4-7<\/p>\n<p class=\"p3\">Pozna\u0144 2024<\/p>","protected":false},"featured_media":37546,"template":"","meta":{"_monsterinsights_skip_tracking":false,"_monsterinsights_sitenote_active":false,"_monsterinsights_sitenote_note":"","_monsterinsights_sitenote_category":0},"product_brand":[],"product_cat":[174],"product_tag":[],"class_list":{"0":"post-37551","1":"product","2":"type-product","3":"status-publish","4":"has-post-thumbnail","6":"product_cat-wydawnictwo-pix-house","8":"first","9":"outofstock","10":"shipping-taxable","11":"purchasable","12":"product-type-simple"},"_links":{"self":[{"href":"https:\/\/pix.house\/en\/wp-json\/wp\/v2\/product\/37551","targetHints":{"allow":["GET"]}}],"collection":[{"href":"https:\/\/pix.house\/en\/wp-json\/wp\/v2\/product"}],"about":[{"href":"https:\/\/pix.house\/en\/wp-json\/wp\/v2\/types\/product"}],"wp:featuredmedia":[{"embeddable":true,"href":"https:\/\/pix.house\/en\/wp-json\/wp\/v2\/media\/37546"}],"wp:attachment":[{"href":"https:\/\/pix.house\/en\/wp-json\/wp\/v2\/media?parent=37551"}],"wp:term":[{"taxonomy":"product_brand","embeddable":true,"href":"https:\/\/pix.house\/en\/wp-json\/wp\/v2\/product_brand?post=37551"},{"taxonomy":"product_cat","embeddable":true,"href":"https:\/\/pix.house\/en\/wp-json\/wp\/v2\/product_cat?post=37551"},{"taxonomy":"product_tag","embeddable":true,"href":"https:\/\/pix.house\/en\/wp-json\/wp\/v2\/product_tag?post=37551"}],"curies":[{"name":"wp","href":"https:\/\/api.w.org\/{rel}","templated":true}]}}

<p class="s7"><span class="s2">Książka </span><span class="s3">Bezkoniec</span><span class="s2"> jest pierwszą publikacją stworzoną przez uczestników </span><a href="https://www.szkoladokumentu.pl/"><span class="s6">Szkoły Dokumentu</span></a> <span class="s2">&#8211; nowej platformy edukacyjnej poznańskiej fundacji PIX.HOUSE. Razem z wystawą pod tym samym tytułem stanowi podsumowanie kilkuletniej pracy słuchaczy, którzy pracowali nad realizacją wybranych przez siebie tematów.</span></p>
<p class="s7"><span class="s2">Ich autorzy to ludzie dojrzali, z dużym bagażem doświadczeń. W czasach galopującej komercjalizacji, marginalizacji roli prasy i ogromnej ilości niby dokumentalnych zdjęć, niewiele jest takich mądrych, wnikliwie i szczerze opowiedzianych historii. Od odbiorców wymagają one wrażliwości i wiedzy, a dla fotografów są ogromnymi wyzwaniami zawodowymi i etycznymi. Książka i wystawa przedstawiają świadectwa tego, że najważniejsza w pracy fotografa dokumentalisty jest otwartość na świat i tkwiąca w człowieku od tysiącleci potrzeba opowiadania. Dowodzą również umacniania się nowych, takich jak one, modeli publikacji, i wypełniają przestrzeń po mediach papierowych, w których takie historie pojawiały się wcześniej.</span></p>
<p class="s7"><span class="s2">Jestem przekonany, że te fotografie zostaną z nami na długo, tworząc rzetelny zapis naszego niespokojnego czasu – zapis świata, który zmienia się każdego dnia.</span></p>
<p class="s9"><em><span class="s2">Mariusz Forecki, luty 2024</span></em></p>

<p class="p3"><b>fotografie: </b>Małgorzata Smieszek, Adam Kasperkiewicz, Jarosław Jan Hemmerling</p>
<p class="p3"><b>teksty: </b>Małgorzata Smieszek, Adam Kasperkiewicz, Jarosław Jan Hemmerling, Mariusz Forecki, Adrian Wykrota</p>
<p class="p3"><b>projekt graficzny: </b>Krzysiek Orłowski (Zinteka)</p>
<p class="p3"><b>tłumaczenia: </b>Małgorzata Starczewska (EN), Lidia Aksiuk (UA)</p>
<p class="p3"><b>korekta: </b>Magda Brzezińska (PL), Anna Aksiuk (UA)</p>
<p class="p3">Fotografie powstały w ramach Szkoły Dokumentu Fundacji Pix.house pod kierunkiem Mariusza Foreckiego</p>
<p class="p3"><b>wydawnictwo: </b>Fundacja Pix.house</p>
<p class="p3"><b>nakład: </b>350</p>
<p class="p3">ISBN: 978-83-968764-4-7</p>
<p class="p3">Poznań 2024</p>
